{"id":23,"date":"2005-10-26T14:59:52","date_gmt":"2005-10-26T13:59:52","guid":{"rendered":"http:\/\/www.danholtjensen.dk\/lhven\/?page_id=23"},"modified":"2011-04-17T17:26:00","modified_gmt":"2011-04-17T16:26:00","slug":"nyhedsbrev-september-2005","status":"publish","type":"page","link":"http:\/\/lh-ven.dk\/?page_id=23","title":{"rendered":"Nyhedsbrev september 2005"},"content":{"rendered":"<p>Ja s\u00e5 er tiden igen kommet til et af de eftertragtet nyhedsbreve fra LH\u2019s Venner. Sommerferien er nu slut og derfor er b\u00e5de LH og LH\u2019s Venner igen kommet i gang. <\/p>\n<p>I dette nummer vil det v\u00e6re muligt at l\u00e6se lidt om LH\u2019s bedrifter og kommende bedrifter. Derudover vil du ogs\u00e5 kunne l\u00e6se om, hvad Vennerne g\u00e5r og foretager sig for tiden.<\/p>\n<p><strong>Vennerne fylder \u00e5r<\/strong><\/p>\n<p>\u00c5ret 2005 er ogs\u00e5 \u00e5ret hvor LH\u2019s Venner har den uds\u00f8gte forn\u00f8jelse at fejre 15 \u00e5rs jubil\u00e6um. Og det kan vi jo kun takke alle jer derude for. <\/p>\n<p>Uden alle jer var vi ikke blevet s\u00e5 gamle, og mange af jer hj\u00e6lper heldigvis stadig til, n\u00e5r vi st\u00e5r og mangler en lille h\u00e5nd rundt om i Danmark. <\/p>\n<p>Det er vi selvf\u00f8lgelig meget glade for, og derfor vil vi godt invitere til en lille reception, dagen efter dagen, nemlig fredag den 11. november p\u00e5 LH\u2019s Venners sekretariat i R\u00e5dmandsgade 43, 3 fra klokken 16 \u2013 19, hvor der vil v\u00e6re mulighed for at spise lidt samt at f\u00e5 lidt v\u00e6ske til ganen. <\/p>\n<p>I LH\u2019s Venner  har vi jo tradition for ikke at g\u00e5 tidligt i seng \u2013 s\u00e5 derfor forts\u00e6tter vi selvf\u00f8lgelig efter receptionen med en mindre fest hvor det som altid vil v\u00e6re muligt at k\u00f8be drikkevarer til de s\u00e6dvanlige meget beskedne priser. <\/p>\n<p><strong>BINGO AFTEN!<\/strong><\/p>\n<p>I den forl\u00f8bne uge, afholdte LH\u2019s Venner vores f\u00f8rste bingo aften. Bingo aften fandt sted p\u00e5 K\u00f8benhavns ber\u00f8mte IN sted, nemlig Toga Vinstue. Arrangementet fandt sted torsdag den 22. september, og v\u00e6ltede i sponsorpr\u00e6mier, blandt andet kan n\u00e6vnes kaffe, diverse vaskeprodukter, karburatorv\u00e6ske, en fjernstyret bil og meget mere.<\/p>\n<p>Som afslutningen p\u00e5 aften blev der spillet om, hvem der skal v\u00e6re formand for LH\u2019s Venners Bingo Klub, Pr\u00e6sidentens s\u00f8ster \u2013 Lisbet \u2013 havde f\u00f8rst pladen fuld og blev formand. <\/p>\n<p>Aftens blev s\u00e5 stor succes, at der kommer en ny aften inden jul, f\u00f8lg med p\u00e5 hjemmesiden og kom og v\u00e6r med n\u00e5r Vennerne spiller Bingo.<\/p>\n<p><strong>Hjemmesiden<\/strong><\/p>\n<p>S\u00e5 er LH\u2019s Venner blevet fornyet, nu er vi blevet klar med vores ny hjemmeside. Her vil det v\u00e6re muligt at se billeder fra forskellige arrangementer. Derudover vil det hele tiden v\u00e6re muligt at holde sig opdateret p\u00e5 arrangementer fra Vennernes side. Ja, alt dette finder du p\u00e5 www.lh-ven.dk<\/p>\n<p><strong>Bowling<\/strong><\/p>\n<p>S\u00e5 er sommeren overst\u00e5et og bowling s\u00e6sonen skal til at g\u00e5 i gang. Vi starter \u2013 efter opfordring \u2013 med en tr\u00e6ningseftermiddag, der ikke t\u00e6ller p\u00e5 ranglisten. <\/p>\n<p>Den kommer til at foreg\u00e5 tirsdag den 27. september fra klokken 19.00 \u2013 21.00.<\/p>\n<p>Den f\u00f8rste rigtige tr\u00e6ningsaften kommer til at foreg\u00e5 onsdag den 12. oktober klokken 19.00 \u2013 21.00. <\/p>\n<p>Tilmelding til begge dage er n\u00f8dvendig, enten til bowling@lh-ven.dk eller til Per Loft p\u00e5 20 32 94 49.<\/p>\n<p>Prisen er kun 120 kroner for hele 2 timers bowling pr. aften.<\/p>\n<p><strong>Opfordring til alle!<\/strong><\/p>\n<p> Igen kan det kun opfordres til ALLE jer derude at, hvis I sidder inden med et arrangement som I mangler hj\u00e6lp til, s\u00e5 ta. kontakt til Vennerne. Skriv en mail eller ring til Morten Dixen p\u00e5 2617-5012 (eller personlig henvendelse i Jyllinge). Som vi siger &#8220;Intet er for sm\u00e5t, Og vi vil klare det skide godt&#8221;.<\/p>\n<p><strong>Nyt fra juniorklubben<\/strong><\/p>\n<p>Pr\u00e6sidiet har konstateret at der i den sidste m\u00e5neds tid har v\u00e6ret lidt afmatning i antallet af aktive p\u00e5 sekretariatet, det skyldes dog prim\u00e6rt at landets handelsskoler har afsluttet deres sommerferie, og sl\u00e5et d\u00f8rene op igen for de unge h\u00e5befulde handelsaspiranter \u2013 s\u00e5ledes ogs\u00e5 LH\u2019s aktive.<\/p>\n<p>I mods\u00e6tning til mange af deres skolekammerater kan de dog ikke n\u00f8jes med en skole, men dr\u00f8ner i \u00f8jeblikket land og rige rundt for at bes\u00f8ge handelsskoleelever for at fort\u00e6lle om elevdemokrati og LH\u2019s fortr\u00e6ffeligheder. <\/p>\n<p>Bes\u00f8gsrunden, der nu ved at v\u00e6re slut har bragt LH\u2019erne rundt p\u00e5 mere end 40 skoler, hvilket er flere end p\u00e5 lignende ture de sidste mange \u00e5r. <\/p>\n<p>I den sidste uge af september har man fra central side planlagt regionsm\u00f8der i alle regioner, s\u00e5 man sikre at de er startet op inden repr\u00e6sentantskabsm\u00f8de i november. <\/p>\n<p>Flere er dog selv startet op, blandt andet holder region 10 regionsweekend i weekenden den 23. \u2013 25. september. <\/p>\n<p><strong>Gave fra LH\u2019s Venner<\/strong><\/p>\n<p>Som omtalt i sidste nummer af nyhedsbrevet har LH\u2019s Venner i \u00e5r sponseret en r\u00e6kke materialer til skoleopstarten. Det drejer sig om en folder og en plakat, der er blevet brugt p\u00e5 skolerne. <\/p>\n<p><strong>Kurser<\/strong><\/p>\n<p>Igen i \u00e5r afholder LH en r\u00e6kke kurser i l\u00f8bet af efter\u00e5ret. Der er allerede blevet afholdt det f\u00f8rste kursus, et elevr\u00e5dskursus p\u00e5 sekretariatet i R\u00e5dmandsgade<\/p>\n<p>I den weekenden den 7. \u2013 9. oktober, kalder LH igen til kursus, denne gang et s\u00e5kaldt Multi Kursus, best\u00e5ede af i alt 3 forskellige kurser. <\/p>\n<p>Kurset bliver afholdt i Slagelse, og bliver indledt om fredagen med et bestyrelsesseminar, der bliver afholdt sammen med en r\u00e6kke andre akt\u00f8rer p\u00e5 handelsskoleomr\u00e5det. <\/p>\n<p><strong>Repr\u00e6sentantskabsm\u00f8det <\/strong><\/p>\n<p>Efter\u00e5rets komme, betyder ogs\u00e5 at vi n\u00e6rmer os \u00e5rets repr\u00e6sentantskabsm\u00f8de. \u00c5rets m\u00f8de foreg\u00e5r den 4. \u2013 6. november i Horsens, hvor der jo ogs\u00e5 var repm\u00f8de i 98 og 2000, s\u00e5 det er efterh\u00e5nden det sted, der har v\u00e6ret repm\u00f8de flest gange, udover Skanderborg.<\/p>\n<p>LH\u2019s Venner hj\u00e6lper naturligvis til med det praktiske b\u00e5de til repm\u00f8det og kurserne.<\/p>\n<p><strong>Flytning<\/strong><\/p>\n<p>Som n\u00e6vnt i sidste nummer af Nyhedsbrevet g\u00e5r LH i flytteplaner, helt n\u00f8jagtigt et hus p\u00e5 Vibevej i K\u00f8benhavn NV, hvor man vil flytte sammen med de andre elevorganisationer. Man vil dog f\u00e5 hvert sin etage. <\/p>\n<p>Da man skal k\u00f8be huset, venter man pt. p\u00e5 om Dansk Ungdoms F\u00e6llesr\u00e5d vil give st\u00f8tte, det forventes afklaret i l\u00f8bet af et par m\u00e5neder.<\/p>\n<p>Hvis handlen falder p\u00e5 plads er de meningen at man skal flytte ind i maj n\u00e6ste \u00e5r \u2013 efter i alt 22 \u00e5r i R\u00e5dmandsgade. Vi gl\u00e6der os b\u00e5de til udflytterfesten og indvielsesreceptionen. <\/p>\n<p><strong>P\u00e5 tur med juniorklubbens miniafdeling.<\/strong><\/p>\n<p>Juniorklubbens miniafdeling, nemlig folkeskoleelevernes organisation Danske Skoleelever (det tidligere DEO) holder ogs\u00e5 skoleopstart. De er draget rundt i 5 uger i en minibus, for at bes\u00f8ge skoler i det ganske land, dog i noget st\u00f8re m\u00e5lestok end juniorklubben. <\/p>\n<p>Da miniklubben ikke har liges\u00e5 gode Venner som juniorklubben, har pr\u00e6sidiet lovet at v\u00e6re chauff\u00f8r p\u00e5 halvdelen af deres tur. Pr\u00e6sidenten og indt\u00e6gtsadministratoren har haft forn\u00f8jelse at k\u00f8re over 3.000 km igennem landet med 8 folkeskoleelever og en kanin (!) i bilen. Pr\u00e6sidenten beretter at de den ene dag n\u00e5ede 17 skoler, hvis LH kunne holde samme tempo, kunne de n\u00e5 alle landets handelsskoler p\u00e5 under en uge\u2026\u2026<\/p>\n<p><strong>Kort nyt<\/strong><\/p>\n<p>\u00a8Dan holt Jensen som igennem l\u00e6ngere tid har v\u00e6ret ansat ved Socialdemokraterne har v\u00e6ret s\u00e5 heldig at blive optaget p\u00e5 Statskundskab. Selv om at dette studie vil kr\u00e6ve meget af ham, har han valgt at beholde sit job ved social demokraterne som et lille studiejob<\/p>\n<p>Dan er dog ikke den eneste der er hoppet p\u00e5 studie b\u00f8lgen igen. LH\u2019s Venners sidste Netto bastion er ogs\u00e5 faldet da Lisbet Dinsen efter at have holdt skansen i 9 \u00e5r, nu i stedet er startet p\u00e5 jura studiet i K\u00f8benhavn.<\/p>\n<p>Morten Dixen, Vennernes organisationssekret\u00e6r, ogs\u00e5 kendt som dirigent f\u00f8l\/PG\u2019er og meget andet, har valgt at tro p\u00e5, at der er en fremtid inden for kiosk branchen. <\/p>\n<p>Han har 1. august \u00e5bnet en 7-Eleven i Jyllinge, s\u00e5 kan man vist heller ikke komme l\u00e6ngere ud p\u00e5 landet. Dog har flere bestyrelsesmedlemmer allerede v\u00e6ret p\u00e5 visit f\u00e5r at studere nyerhvervelsen. <\/p>\n<p>En anden god gammel ven, Niels Hildebrandt friede i juni m\u00e5ned under et bes\u00f8g hos pr\u00e6sidenten p\u00e5 Sct. Thomas til sin k\u00e6reste Charlotte. Charlotte sagde ja og tak og det gentager hun forh\u00e5benligt igen denne weekend hvor deres bryllup skal st\u00e5 i Sorgenfri kirke. Et stort tillykke skal der lyde til jer begge.<\/p>\n<p>Vennernes \u00e6rede pr\u00e6sident er STADIG arbejdsl\u00f8s, s\u00e5 sidder I derude med et job, s\u00e5 ring til hende. PLEAS!!! Skriv til lhven@lhven.dk Tak.<\/p>\n<p>Tidligere bestyrelsesmedlem og mange \u00e5rrig LH Ven Peter Andersen, ogs\u00e5 kendt som Pandersen her flyttet p\u00e5 landet. Han har k\u00f8bt hus i Sengel\u00f8se, k\u00e6resten Henriette og s\u00f8nnen Magnus f\u00f8lger med. <\/p>\n<p>Og vi kan n\u00e6sten blive ved \u2013 der sker simpelthen s\u00e5 meget med alle vores venner \u2013 og et tillykke til alle m\u00e5 n\u00e6sten v\u00e6re p\u00e5 sin plads \u2013 s\u00e5 hermed TILLYKKE med b\u00f8ger, biks, hus og kone \u2013 kort sagt tillykke til alle.<\/p>\n<p>I fremtiden skal vi ogs\u00e5 nok holde jer alle ajour med hvad der sker af store \u00e6ndringer i vennernes liv og levned. <\/p>\n<p>I forbindelse med vores nye hjemmeside vil vi ogs\u00e5 gerne fors\u00f8ge at integrere diverse begivenheder i der kommer, derfor vil vi her opfordre til at hvis man gerne vil vise sin kommende kone, sine nyf\u00f8dte eller andet (du m\u00e5 godt sende et billede af din biks, Dixen !!) s\u00e5 send et billede med lidt tekst til lh-ven@lh.ven.dk s\u00e5 vil vi l\u00e6gge det p\u00e5 vores billedarkiv s\u00e5 alle venner kan f\u00f8lge lidt bedre med. <\/p>\n","protected":false},"excerpt":{"rendered":"<p>Ja s\u00e5 er tiden igen kommet til et af de eftertragtet nyhedsbreve fra LH\u2019s Venner. Sommerferien er nu slut og derfor er b\u00e5de LH og LH\u2019s Venner igen kommet i gang. I dette nummer vil det v\u00e6re muligt at l\u00e6se lidt om LH\u2019s bedrifter og kommende bedrifter. Derudover vil du ogs\u00e5 kunne l\u00e6se om, hvad [&hellip;]<\/p>\n","protected":false},"author":1,"featured_media":0,"parent":189,"menu_order":0,"comment_status":"open","ping_status":"open","template":"","meta":{"footnotes":""},"_links":{"self":[{"href":"http:\/\/lh-ven.dk\/index.php?rest_route=\/wp\/v2\/pages\/23"}],"collection":[{"href":"http:\/\/lh-ven.dk\/index.php?rest_route=\/wp\/v2\/pages"}],"about":[{"href":"http:\/\/lh-ven.dk\/index.php?rest_route=\/wp\/v2\/types\/page"}],"author":[{"embeddable":true,"href":"http:\/\/lh-ven.dk\/index.php?rest_route=\/wp\/v2\/users\/1"}],"replies":[{"embeddable":true,"href":"http:\/\/lh-ven.dk\/index.php?rest_route=%2Fwp%2Fv2%2Fcomments&post=23"}],"version-history":[{"count":1,"href":"http:\/\/lh-ven.dk\/index.php?rest_route=\/wp\/v2\/pages\/23\/revisions"}],"predecessor-version":[{"id":196,"href":"http:\/\/lh-ven.dk\/index.php?rest_route=\/wp\/v2\/pages\/23\/revisions\/196"}],"up":[{"embeddable":true,"href":"http:\/\/lh-ven.dk\/index.php?rest_route=\/wp\/v2\/pages\/189"}],"wp:attachment":[{"href":"http:\/\/lh-ven.dk\/index.php?rest_route=%2Fwp%2Fv2%2Fmedia&parent=23"}],"curies":[{"name":"wp","href":"https:\/\/api.w.org\/{rel}","templated":true}]}}