{"id":31,"date":"2005-10-26T15:20:25","date_gmt":"2005-10-26T14:20:25","guid":{"rendered":"http:\/\/www.danholtjensen.dk\/lhven\/?page_id=31"},"modified":"2011-04-17T17:53:34","modified_gmt":"2011-04-17T16:53:34","slug":"nyhedsbrev-april-2000","status":"publish","type":"page","link":"http:\/\/lh-ven.dk\/?page_id=31","title":{"rendered":"Nyhedsbrev 2000"},"content":{"rendered":"<h3>April 2000<\/h3>\n<p><strong>Nyhedsbrev<\/strong><\/p>\n<p>S\u00e5 er det atter blevet tid til et nyhedsbrev fra Vennerne. Siden sidst er der som s\u00e6dvanlig sket mange ting, som du vil kunne l\u00e6se om her i nyhedsbrevet. F\u00f8rst og fremmest er det jo ved at v\u00e6re tid til det \u00e5rlige konvent, denne gang nummer 10 i r\u00e6kken. Juniorklubben har ogs\u00e5 lavet ting siden sidst, blandt andet har de holdt deres \u00e5rlige landskonference, og ikke mindst s\u00e5 har ansat en ny sekretariatsleder, navnet kan du l\u00e6se l\u00e6ngere nede men vi kan allerede nu afsl\u00f8re, at det er en god gammel Ven.<\/p>\n<p>Alt dette og meget mere kan du l\u00e6se mere om l\u00e6ngere nede, s\u00e5 s\u00e6t dig ned i parken, eller ud i din have \u2013 hvis du har en med en kold et eller andet, og brug lidt tid p\u00e5 at l\u00e6se det.<\/p>\n<p><strong>Konventet<\/strong><br \/>\nStore Bededag \u2013 fredag den 19. Maj \u2013 er det tid til vennernes 10. Konvent og det skule jo v\u00e6re underligt, hvis Pr\u00e6sidenten ikke giver en lille en i anledning af det lille jubil\u00e6um! <\/p>\n<p>Ligesom sidste \u00e5r er det Toga Vinstue, der danner rammen om konventet, s\u00e5 mon ikke vi f\u00e5r et liges\u00e5 festligt konvent som sidste \u00e5r. Du skulle allerede nu have f\u00e5et en indbydelse, ellers skriv til lh-ven@lh-ven.dk eller ring til Per Loft p\u00e5 39 29 88 88 (arb.) eller 33 31 72 78 (prv), s\u00e5 fikser vi det straks. <\/p>\n<p>N\u00e5r konventet er vel overst\u00e5et, drager vi videre ud i det k\u00f8benhavnske, hvor Charlotte Forn\u00f8 og Malene Mikkelsen igen i \u00e5r har planlagt byturen med b\u00e5de arrangement og efterf\u00f8lgende middag \u2013 og s\u00e5 kan det jo v\u00e6re, at vi skal ud og have en lille en bagefter. Vi vil ikke afsl\u00f8re her, hvad byturen g\u00e5r ud p\u00e5, men vi lover, at det som altid bliver festligt.<\/p>\n<p>Konventet er gratis at deltage i, mens den efterf\u00f8lgende bytur koster 150 kroner. Husk at tilmelde til begge dele, du kan g\u00f8re det til lh-ven@lh-ven.dk, alternativt til et af de ovenst\u00e5ende telefonnummer. <\/p>\n<p>Allerede nu har enkelte gode venner meddelt, at de syntes at de har gjort deres indsats i forhold til bestyrelsen, og derfor gerne vil overlade pladsen til andre Venner, der har mere tid til at g\u00f8re en indsats i bestyrelsen, s\u00e5 hvis du syntes at du har lidt tid tilovers, du gerne vil bruge p\u00e5 en god sag, s\u00e5 var det m\u00e5ske noget du skulle overveje\u2026<\/p>\n<p>En sidste ting i forbindelse med konventet er, at du sammen med dette nyhedsbrev ogs\u00e5 f\u00e5r regnskabet for 1999, gem det og tag det med p\u00e5 konventet (sammen med konventsopl\u00e6gget), hvor Indt\u00e6gtsadministratoren vil lave den s\u00e6dvanlige grundige 2\u00bd times gennemgang af det.<\/p>\n<p><strong>Juniorklubben<\/strong><br \/>\nDer er ogs\u00e5 denne gang lidt nyt fra vores lille juniorafdeling. Siden sidst har de som n\u00e6vnt b\u00e5de afholdt landskonference og ansat ny sekretariatsleder.<\/p>\n<p>Juniorklubben er nu kommet halvvejs igennem repm\u00f8de-\u00e5ret (ret pr\u00e6cist) og hele forretnings\u00acudvalget sidder endnu p\u00e5 deres poster, om det er en ny tradition eller bare en smutter ved vi ikke, men det er ihverfald gl\u00e6deligt, at halvdelen af dem ikke er smuttet allerede, s\u00e5dan som det ellers n\u00e6sten var en tradition for et par \u00e5r siden.<\/p>\n<p>Derudover kan vi da ogs\u00e5 berette, at de i  weekenden den 7. \u2013 9. April  afholdte hele 2 kurser p\u00e5 handelsskolen i Ikast! Men nu er det ikke kun kurser der har v\u00e6ret holdt for handelsskoleeleverne. <\/p>\n<p>I weekenden den 10. \u2013 12. Marts blev den \u00e5rlige landskonference nemlig afholdt p\u00e5 Fredericia-Middelfart Handelsskole, under kyndig ledelse af Charlotte Forn\u00f8 og Erling B. Jensen &#8211; ligesom der igen i \u00e5r var en r\u00e6kke Venner med over og hj\u00e6lpe til med at lave mad, st\u00e5 i baren, g\u00f8re rent og meget mere. Desv\u00e6rre var der ikke s\u00e5 mange deltagere, som der har v\u00e6ret andre gange, men dem der var der var til geng\u00e6ld meget aktive.<\/p>\n<p>Det sidste vi har at berette fra juniorklubben er, at de har ansat en ny sekretariatsleder, efter Allan Sten Svendsen, der efter 2 \u00e5rs virke stopper den 31. maj, hvor hans kontrakt udl\u00f8ber.<\/p>\n<p>Valget af ny sekretariatsleder faldt p\u00e5 Heidi Langhoff, der er tidligere regionsformand for Region 3, og LH-ven igennem mange \u00e5r \u2013 desuden har Heidi stor erfaring som PG\u2019er med mere fra en masse kurser og storm\u00f8der i LH igennem \u00e5rene, s\u00e5 hun har holdt kontakten.<\/p>\n<p>Heidi er 23 \u00e5r, og oprindeligt fra \u00c5rhus\/Randers, hvor hun blev HH\u2019er fra Vester Alle i \u00c5rhus, dengang man stadig kunne det. Efter det flyttede hun til K\u00f8benhavn, hvor hun er uddannet i rejsebranchen. Efter at have arbejdet i K\u00f8benhavn i nogle \u00e5r, har hun det sidste \u00e5rs tid v\u00e6ret tilbage i Jylland, men nu er der alts\u00e5 retur til K\u00f8benhavn, s\u00e5 hvis du kender nogen, der tilf\u00e6ldigvis har et v\u00e6relse\/lejlighed tilovers, vil Heidi nok v\u00e6re glad hvis du giver hende et ring p\u00e5 LH.<\/p>\n<p>Heidi starter allerede onsdag den 3. maj, og mon ikke der ogs\u00e5 vil v\u00e6re mulighed for at sige tillykke til hende p\u00e5 konventet. <\/p>\n<p><strong>Pakker og atter pakker<\/strong><br \/>\nSom mange Venner nok har bem\u00e6rket har der i det sidste \u00e5rs tid v\u00e6ret gang i pakkeriet i R\u00e5dmandsgade.<\/p>\n<p>Danmark og for den sags skyld ogs\u00e5 Norge har \u00e5benbart brug for et uendeligt antal pc-k\u00f8rekort \u2013 og det er vi jo kun glade for, da vores arbejdsindsats selvf\u00f8lgelig bliver bel\u00f8nnet med et st\u00f8ttebel\u00f8b til Vennerne!<\/p>\n<p>Vi vil her benytte lejligheden til at takke alle dem der har givet en h\u00e5nd!<\/p>\n<p><strong>Bowlingklubben<\/strong><br \/>\nVi n\u00e6rmer os jo snart sommeren, og dermed er det ogs\u00e5 ved at v\u00e6re tid for sommerferie i bowling\u00acklubben, MEN inden da, er der lige et par enkelte gange tilbage. De sidste 2 spilledage inden sommerferien er:<\/p>\n<p>Torsdag den 4. Maj<br \/>\nOnsdag den 14. Juni<\/p>\n<p>Begge dage spiller vi fra klokken 19 \u2013 21 i DGI-Byen. Det koster 100 kroner at deltage, og du skal huske at tilmelde dig til Per Loft senest dagen f\u00f8r.<\/p>\n<p><strong>1. maj<\/strong><br \/>\nTraditionen tro er den 1. maj rammen om den store 1. maj fest i F\u00e6lledparken. Igen i \u00e5r hj\u00e6lper Vennerne til med opsynet i parken \u2013 i skrivende stund ved vi ikke hvordan dagen er g\u00e5et, men meteorologerne har lovet 20 \u2013 25 graders varme, s\u00e5 det bliver nok endnu en god dag i parken. <\/p>\n<p>Vi skal da ogs\u00e5 lige her \u2013 i skrivende stund lidt p\u00e5 forh\u00e5nd &#8211; sige tak til alle dem der hjalp til den dag. <\/p>\n<p><strong>DEO<\/strong><br \/>\nTil slut skal vi ogs\u00e5 lige have et par ord med om vores sambo DEO, der siden sidst er blevet 15 \u00e5r, og dermed n\u00e6sten voksen! Fredag den 14. April var det nemlig 15 \u00e5r siden at en r\u00e6kke folk, der i blandt Dennis Lund og Mads Scheibel, stiftede DEO<\/p>\n<p>Dagen blev naturligvis fejret med en stor reception p\u00e5 sekretariatet. Weekenden f\u00f8r receptionen afholdte DEO i \u00f8vrigt deres \u00e5rlige kongres, hvor Maria Andersen gik af efter et \u00e5r som formand, hun blev afl\u00f8st af Thue Quist Thomasen \u2013 vi siger tillykke.<\/p>\n","protected":false},"excerpt":{"rendered":"<p>April 2000 Nyhedsbrev S\u00e5 er det atter blevet tid til et nyhedsbrev fra Vennerne. Siden sidst er der som s\u00e6dvanlig sket mange ting, som du vil kunne l\u00e6se om her i nyhedsbrevet. F\u00f8rst og fremmest er det jo ved at v\u00e6re tid til det \u00e5rlige konvent, denne gang nummer 10 i r\u00e6kken. Juniorklubben har ogs\u00e5 [&hellip;]<\/p>\n","protected":false},"author":1,"featured_media":0,"parent":4,"menu_order":8,"comment_status":"open","ping_status":"open","template":"","meta":{"footnotes":""},"_links":{"self":[{"href":"http:\/\/lh-ven.dk\/index.php?rest_route=\/wp\/v2\/pages\/31"}],"collection":[{"href":"http:\/\/lh-ven.dk\/index.php?rest_route=\/wp\/v2\/pages"}],"about":[{"href":"http:\/\/lh-ven.dk\/index.php?rest_route=\/wp\/v2\/types\/page"}],"author":[{"embeddable":true,"href":"http:\/\/lh-ven.dk\/index.php?rest_route=\/wp\/v2\/users\/1"}],"replies":[{"embeddable":true,"href":"http:\/\/lh-ven.dk\/index.php?rest_route=%2Fwp%2Fv2%2Fcomments&post=31"}],"version-history":[{"count":2,"href":"http:\/\/lh-ven.dk\/index.php?rest_route=\/wp\/v2\/pages\/31\/revisions"}],"predecessor-version":[{"id":225,"href":"http:\/\/lh-ven.dk\/index.php?rest_route=\/wp\/v2\/pages\/31\/revisions\/225"}],"up":[{"embeddable":true,"href":"http:\/\/lh-ven.dk\/index.php?rest_route=\/wp\/v2\/pages\/4"}],"wp:attachment":[{"href":"http:\/\/lh-ven.dk\/index.php?rest_route=%2Fwp%2Fv2%2Fmedia&parent=31"}],"curies":[{"name":"wp","href":"https:\/\/api.w.org\/{rel}","templated":true}]}}