{"id":34,"date":"2005-10-26T15:28:30","date_gmt":"2005-10-26T14:28:30","guid":{"rendered":"http:\/\/www.danholtjensen.dk\/lhven\/?page_id=34"},"modified":"2011-04-17T18:19:51","modified_gmt":"2011-04-17T17:19:51","slug":"konvents-beretning-2004","status":"publish","type":"page","link":"http:\/\/lh-ven.dk\/?page_id=34","title":{"rendered":"Beretning v. Konvent 2004"},"content":{"rendered":"<p>Skriftlig beretning<br \/>\ntil<br \/>\nLH&#8217;s Venners 14. konvent 2004<br \/>\nK\u00e6reste VENNER!<\/p>\n<p>Begynd venligst denne beretning med i stilhed at mindes den eneste ene og den anden \u2013 vort h\u00f8jt \u00e6rede Signe Andersen (LH\u2019s Venners f\u00f8rste Pr\u00e6sident) og mindst liges\u00e5 \u00e6rede Ronald Kofoed Rasmussen (LH\u2019s Venners anden Pr\u00e6sident herved LH\u2019s Venners f\u00f8rste Pr\u00e6sident suppleant). \u00c6re v\u00e6re jeres minde \u2013 I lever i os!<\/p>\n<p>(STILHED \u2013 bare lidt endnu)\u2026\u2026\u2026<\/p>\n<p>S\u00e5 er endnu et \u00e5r \u2013 det 14 i r\u00e6kken g\u00e5et. Alt for hurtigt g\u00e5r tiden jo og derfor er allerede nu igen tid til at samles med Vennerne til konvent. Meget er sket i det forenings\u00e5r der er passeret og alt det vil jeg ydmygst p\u00e5 bestyrelsens vegne her fors\u00f8ge at g\u00f8re rede for. <\/p>\n<p>\u00c5ret der gik<br \/>\nLH&#8217;s Venners Praktiske Grise<br \/>\nLH&#8217;s Venner er rigtige venner, som altid er klar til at hj\u00e6lpe &#8211; selvf\u00f8lgelig mod visse modydelser til foreningen. Er der foreninger eller lignende, som har brug for en h\u00e5ndsr\u00e6kning til storm\u00f8der, sm\u00e5m\u00f8der og andre sammenkomster, s\u00e5 er LH&#8217;s Venner altid klar. Denne service har vi faktik i \u00e5ret der er g\u00e5et v\u00e6ret ude med et par gange.<\/p>\n<p>Danmarks Radios Symfoniorkester \u2013 spiller efterh\u00e5nden ikke en koncert uden Vennerne har v\u00e6ret med i kulissen. Derfor var det traditionen tro LH\u2019s Venner der solgte programmerne da \u00e5rets julekoncert blev afholdt i Forum i december m\u00e5ned. Og selv om vi ikke stod n\u00e6vnt i programmet \u2013 s\u00e5 kunne alle vores venner alligevel f\u00f8lge med da koncerten i juledagene blev sendt p\u00e5 DR.<br \/>\nHK Handels H*Bat har ogs\u00e5 i \u00e5ret der er g\u00e5et f\u00e5et \u00f8jene op for vennernes kompetancer, derfor var det naturligt for Handels ungdomskonsulent Kasper at sp\u00f8rge os om vi ville hj\u00e6lpe med det praktiske til en af deres mange aktivitetsweekender.<br \/>\nJ\u00f8rgen HK er her i for\u00e5ret blevet 40 \u00e5r. Det blev fejret med b\u00e5de reception og stor fest i Lyngby Cykelklub. LH\u2019s Venner var naturligvis til stede for at hj\u00e6lpe med mad, opvask og ikke mindst barpasning.<br \/>\nJeg vil gerne takke de medlemmer, som har gjort det muligt for LH&#8217;s Venner at kunne l\u00f8se disse opgaver. LH&#8217;s Venner har kun kunnet m\u00f8de disse udfordringer, fordi der altid er medlemmer, der er klar til at bruge en weekend eller en aften til fordel for foreningen. Af hjertet tak! <\/p>\n<p>Nu f\u00e5r de aktive venner der tilbyder deres assistance til s\u00e5danne opgaver jo faktisk lidt mere end blot denne tak. N\u00e5r man har hjulpet Vennerne bliver man jo ogs\u00e5 indbudt til den traditionsrige julefrokost et par dage f\u00f8r nyt\u00e5ret skal skydes ind. Og i \u00e5r (eller rettere sagt \u2013 sidste \u00e5r) slog vi faktisk rekord da vi var n\u00e6sten 25 personer der havde fortjent indbydelsen. Det er som pr\u00e6sident ikke kun rart fordi der s\u00e5 er mange at sige tak for hj\u00e6lpen til \u2013 men simpelthen ogs\u00e5 rart fordi julefrokosten som regel bliver sjovere n\u00e5r der er mange der drikker meget snaps;o))) Derfor h\u00e5ber jeg ogs\u00e5 at vi til december n\u00e6ste \u00e5r har liges\u00e5 mange aktive venner at sende den velfortjente indbydelse til.<\/p>\n<p>Det store udland<br \/>\nFra den internationale front i LH\u2019s Venner, kan jeg fort\u00e6lle at vi har sendt Folket (ogs\u00e5 kendt som Martin J\u00f8rgensen) til Irak, for at skabe ro og fred dernede. Til geng\u00e6ld har vores internationale sekret\u00e6r i Dubai \u2013 Asbj\u00f8rn Christiansen \u2013 meddelt at han efter en \u00e5rr\u00e6kke vender tilbage til nye og vigtige opgaver i hjemlandet.<\/p>\n<p>Thomas Persson og Jan Lindhardtsen har mig bekendt ingen aktuelle om at forlade deres poster \u2013 s\u00e5 jeg er sikker p\u00e5, at de forsat varetager deres hverv som internationale sekret\u00e6rer i hhv. Norge og Sverige p\u00e5 bedste vis.<\/p>\n<p>En opfordring skal her lyde: er du p\u00e5 vej til et l\u00e6ngerevarende ophold i udlandet, s\u00e5 husk, at LH\u2019s Venner altid kan bruge en international sekret\u00e6r, der kan s\u00f8rge for medlems\u00adhvervningen i det store udland! <\/p>\n<p>LH \u00c5ret<br \/>\nUdover at hj\u00e6lpe n\u00e5r andre foreninger, personer eller firmaer kalder, har Vennerne selvf\u00f8lgelig ogs\u00e5 v\u00e6ret med n\u00e5r ungerne har sat hinanden st\u00e6vne. Og nej her menes ikke Vennernes unger \u2013 selv om en del venner er i den f\u00f8dedygtige alder \u2013 kommer der ikke ret mange helt unge Venner til (men det kan der jo g\u00f8res noget ved \u2013 en opfordring gives her videre!). <\/p>\n<p>Nej det er selvf\u00f8lgelig dem vi er venner for \u2013 nemlig LH der menes.  Vi lagde ud med LH\u2019s Intro kursus, der igen i \u00e5r blev afholdt i samarbejde med HK-Ungdom. I \u00e5r var kulisserne lagt p\u00e5 et spejdercenter ved Haslev, og Vennerne gik selvf\u00f8lgelig til h\u00e5nde med madlavning, undervisning og hvad der nu ellers var at hj\u00e6lpe til med. <\/p>\n<p>Herefter var ungerne klar til en heftig skoleopstart der mundende ud i Repr\u00e6sentantskabsm\u00f8det i november i Herning. Ungerne fortsatte nemlig sidste \u00e5rs &#8220;hvor-langt-v\u00e6k-fra-k\u00f8benhavn-kan-man-komme&#8221; konkurrence, men hva der var jo \u00f8l nok, s\u00e5 Vennerne overlevende endnu en tur i det m\u00f8rkeste ;o) <\/p>\n<p>Det blev en forrygende weekend, Vennerne gjorde selvf\u00f8lgelig alt det vi nu er gode til i forbindelse med storm\u00f8derne. Men vi gjorde faktisk lidt mere end det \u2013 det er s\u00e5dan, at LH (faktisk lige siden sidste jubil\u00e6umsm\u00f8de i 99 har haft st\u00e5ende i m\u00f8deindkaldelsen, at rep-festen l\u00f8rdag aften er en GALLA fest (tilsyneladende har div. Sek-ledere bare glemt at fjerne det, n\u00e5r f\u00f8rste forhandlingsopl\u00e6g blev copy\u2019et og pastet!!). N\u00e5, men denne gang bestemt vi os for, at n\u00e5r der st\u00e5r galla \u2013 s\u00e5 skal der selvf\u00f8lgelig ogs\u00e5 v\u00e6re galla \u2013 og hvem er bedre end Vennerne til at yde fest service? Nej vel \u2013 derfor tilb\u00f8d vi alle deltagere at pudse sko og stryge skjorter, bukser og kjoler, s\u00e5 der kom s\u00e5\u2019n lidt mindre kr\u00f8llet sportstaske til syne, og derved lidt mere galla over det. <\/p>\n<p>Denne service bet\u00f8d sammen med vores helt nye medlemshvervningsstrategi (s\u00e5dan en har alle cool organisationer) der g\u00e5r ud p\u00e5 at vi i stedet for, at side i k\u00f8kkenet og drikke bajer og tale med vores Venner, laver en Venne Lounge og s\u00e5 sidder der og drikker bajer og taler med LH\u2019erne, at vi faktisk satte rekord og p\u00e5 et enkelt storm\u00f8de og fik hele 35 nye venner \u2013 en flot indsats fra alle de tilstedev\u00e6rende Venner. <\/p>\n<p>Ungerne fik selvf\u00f8lgelig ogs\u00e5 holdt m\u00f8de og fik valgt nogle nye ansigter til at lede biksen, men en lille \u00e6ndring i vedt\u00e6gterne blev det dog til, idet den &#8220;gamle&#8221; struktur med regionsform\u00e6nd og HB\u2019ere blev lavet om s\u00e5 der for fremtiden kun v\u00e6lges en enkelt \u2013 nemlig en regionsformand og vedkommende skal s\u00e5 ogs\u00e5 sidde og repr\u00e6sentere regionen i LH\u2019s hovedbestyrelse. Til geng\u00e6ld besluttede de at regionsn\u00e6stform\u00e6ndene skulle deltage i m\u00f8derne som observat\u00f8rer.<\/p>\n<p>Denne \u00e6ndring er ikke vedtaget fordi unge idag kan klare 2 mands job ;o) \u2013 men fordi Repr\u00e6sentantskabet \u00f8nskede at lave en klarere arbejdsdeling i regionernes daglige arbejde. Men om de nyvalgte hedder det ene eller det andet, kan vel ogs\u00e5 v\u00e6re underordnet s\u00e5 l\u00e6nge arbejdet bliver lavet. <\/p>\n<p>Og det g\u00f8r det jo \u2013 alle mand blev p\u00e5 deres poster, ihvertfald indtil kort f\u00f8r Landskonferencen i marts. Her trak formanden Jeanette Pedersen sig nemlig fra forretningsudvalget. Hoved\u00adbestyrelsen valgte derfor fra deres midte Kenneth Skovg\u00e5rd til formand, det skete p\u00e5 deres m\u00f8de i forbindelse med Landskonferencen, der blev afholdt p\u00e5 Roskilde Handelsskole. Og ja enkelte vil nu garanteret kommentere, at det jo pr\u00e6sist var det samme der skete sidst LH var i Roskilde til LKF \u2013 og svaret dertil m\u00e5 bare bare v\u00e6re ja \u2013 men nu har man m\u00e5ske l\u00e6rt det og holder sig derfor v\u00e6k fra Roskilde ;o))). <\/p>\n<p>Men selve m\u00f8det gik godt, folk var glade og festlige og diskussionerne var sp\u00e6ndende, og hvad forlanges mere. Udskiftningen p\u00e5 formandsposten er tilgeng\u00e6ld den \u2013 indtilnu eneste \u2013 s\u00e5 listen over ungernes ledelse ser s\u00e5ledes ud: <\/p>\n<p>LH forretningsudvalg best\u00e5r af f\u00f8lgende: <\/p>\n<p>Formand : Kenneth Skovg\u00e5rd<br \/>\nN\u00e6stformand: Steen W. \u00d8rts<br \/>\nFU\u2019ere: Kristian Bernth<br \/>\n  Tue Langtofte<br \/>\n  Henrik Kongsted <\/p>\n<p>Hovedbestyrelsen:<\/p>\n<p>Region 1: Anders Engsig<br \/>\nStine Bager Christensen<br \/>\nRegion 2: Kasper Dyremose<br \/>\nDorthe Kudahl<br \/>\nRegion 3: Agnetha Michelsen<br \/>\nBenjamin S. Aarup<br \/>\nRegion 4: Lasse Knudsen<br \/>\nRegion 5: Henrik Larsen<br \/>\nRegion 6: Erik Johansen<br \/>\nAlan Eriksen<br \/>\nRegion 7: Kristian Haas<br \/>\nJohn L. Olesen<br \/>\nRegion 8: Jens Riber Poulsen<br \/>\nRegion 9: Henrik Olsen<br \/>\nRegion 10: Christian Korsh\u00f8j<br \/>\nJeanne Ellgaard<br \/>\nRegion 11: Anders Friis-Hansen<br \/>\nSandra Viby Mogensen <\/p>\n<p>En enkelt ting var dog ikke som det plejede at v\u00e6re p\u00e5 Landskonferencen. Der var nemlig en deltager der manglede \u2013 og som vi savnede. Det var LH\u2019s Venners \u00e6resmedlem (det eneste af slagsen vi har) Karen Elisabeth Lundb\u00e6k der ikke deltog som repr\u00e6sentant for HL \u2013 Handelsskolens L\u00e6rerforening. Det er der jo en grund til \u2013 Karen Elisabeth blev nemlig ikke genvalgt som formand da HL holdt deres \u00e5rsm\u00f8de i december. Det er selvf\u00f8lgelig ikke noget vi i Vennerne bifalder ;o(( specielt ikke fordi Karen Elisabeth har v\u00e6ret med til rigtig mange LH storm\u00f8der gennem de sidste 10 -15 \u00e5r (Faktisk har Karen v\u00e6ret g\u00e6st p\u00e5 n\u00e6sten liges\u00e5 mange m\u00f8der som Per Loft og Steen V har v\u00e6ret med til \u2013 s\u00e5 I kan nok forst\u00e5 at det er virkeligt mange jeg taler om).  <\/p>\n<p>Vi h\u00e5ber selvf\u00f8lgelig at du fortsat har lyst til at v\u00e6re vores \u00e6resmedlem, Karen Elisabeth, og s\u00e5 vil vi selvf\u00f8lgelig gerne have dig med til jubil\u00e6ret! Du kender jo langt de fleste LH aktive, og har du lyst til flere storm\u00f8der i LH regi \u2013 ja s\u00e5 har vi altid en \u00e5ben plads p\u00e5 PG holdet!<\/p>\n<p>LH\u2019s Venners PG hold var ogs\u00e5 p\u00e5 banen i slutningen af november, da den nye hovedbestyrelse med observat\u00f8rer (s\u00e5 er de pludselig cirka 25), skulle m\u00f8des f\u00f8rste gang til den \u00e5rlige hovedbestyrelsesopstart. Her var Vennerne behj\u00e6lpelige med det praktiske lige fra at finde hytte til at r\u00f8re i k\u00f8dgryderne. Alt i alt en hyggelig weekend, hvor vi fra k\u00f8kkenet kunne f\u00f8lge den nye hovedbestyrelse.<\/p>\n<p>Ellers er LH kommet godt p\u00e5 plads p\u00e5 deres nye sekretariat, hvor de snart har boet i over et \u00e5r (for dem der ikke har fulgt med, s\u00e5 bare rolig, man bor stadig i R\u00e5dmandsgade, bare i forhuset). Man har investeret i helt nye m\u00f8deborde\/stole, masser af ting til k\u00f8kkenet og s\u00e5gar b\u00e5de opvaskemaskine, vaskemaskine og t\u00f8rretumbler \u2013 vi er nok mange tidligere LH\u2019ere, der er misundelige! LH\u2019s Venner har ogs\u00e5 bidraget med at k\u00f8be 6 nye telefoner til sekretariatet, der er blevet sat til det gamle Asta 8 telefonanl\u00e6g fra 1984, som stadig virker.<\/p>\n<p>Af andre nyskabelser p\u00e5 sekretariatet, kan jeg n\u00e6vne, at man \u2013 udover sekretariatsleder Morten Buch \u2013 har valgt at ans\u00e6tte en bogholder til at passe regnskaberne.  <\/p>\n<p>Kuglerne rullede og bilerne k\u00f8rte<br \/>\nLH\u2019s Venners Bowling klub er stadig p\u00e5 banen og triller j\u00e6vnligt med kuglerne. Det g\u00f8r de ikke kun for sjov men ogs\u00e5 for at tr\u00e6ne til \u00e5rets absolut st\u00f8rste begivenhed \u2013 mesterskabet. I \u00e5r blev det afholdt i slutningen af marts og vores allesammens organisationssekret\u00e6r Kasper Kaufmann var s\u00e5m\u00e6nd ham der l\u00f8b med pokalen. Man l\u00f8ber nu ikke s\u00e5 langt med pokalen \u2013 idet f\u00f8rste stop efter DGI byen, hvor mesterskabet afholdes er Toga Vinstue hvor pokalen, som altid bliver udstillet til beundring og beskuelse for os andre det f\u00f8lgende \u00e5r. <\/p>\n<p>Et stort Te\u2019l\u00f8k skal her lyde til Kasper. Kasper er selvf\u00f8lgelig sammen med resten af klubben parat til en udfordring s\u00e5 har du mod p\u00e5 det og lysten til det kontakter du bare Per Loft Rasmussen der st\u00e5r for planl\u00e6gning af tr\u00e6ningsaftenerne.<\/p>\n<p>Men LH\u2019s Venner er jo meget sportslige anlagt \u2013 s\u00e5ledes er det ikke kun bowling vi dyrker p\u00e5 h\u00f8jt plan. Ogs\u00e5 formel 1 \u2013 k\u00f8res j\u00e6vnligt, nemlig hver 14. dag n\u00e5r der er l\u00f8b p\u00e5 Cafe Langebro, p\u00e5 Islandsbrygge.  Udover at se det &#8220;rigtige&#8221; grand prix i tv\u2019et s\u00e5 k\u00f8res der ogs\u00e5 et par baner af formel 1 br\u00e6tspillet. Klubben har jo v\u00e6ret n\u00e6vnt i de sidste \u00e5rs beretninger p\u00e5 tros af de ikke rigtigt lavede nogen aktivteter \u2013 men det er de kommet efter nu og har vist ogs\u00e5 forberedt en enkel pr\u00e6sentation af sig selv til selve konventet, s\u00e5 der b\u00f8r ogs\u00e5 v\u00e6re lidt at gl\u00e6de sig til. <\/p>\n<p>P\u00e5 baggrund af al den sportslige aktivitet f\u00f8lte vi i bestyrelsen godt at vi i november kunne forsvare at lave et medlemsarrangemet der kun havde socialt indhold. Derfor inviterede vi den 7. november alle Venner til jule\u00f8ls tamtam i anledningen af lanceringen af julebryggen. Mange fandt vej til sekretariatets lokaler og hjalp til med at tyvstarte julen. At de mange ogs\u00e5 hjalp med at fejre undertegnedes og min look alikes 30 \u00e5rs f\u00f8dselsdag, der faldt p\u00e5 dagen \u2013 vil jeg, nu hvor jeg jo har muligheden, sige tak for.<\/p>\n<p>Det er en festlig tradition at samles p\u00e5 denne m\u00e5de og hvis det er muligt i al jubil\u00e6ums tjuhajet til november \u2013 er det selvf\u00f8lgelig en tradition bestyrelsen h\u00e5ber vi kan forts\u00e6tte. <\/p>\n<p>For\u00e6ldref\u00f8lelsen<br \/>\nDen kommer jo efter sigende n\u00e5r man bliver for\u00e6ldre \u2013 men det er der faktisk ingen grund til, at medlemmerne af LH\u2019s Venner render rundt og venter p\u00e5. Sidste \u00e5r p\u00e5 konventet blev det jo nemlig ensstemmigt vedtaget at LH\u2019s Venner skulle &#8220;k\u00f8be&#8221; lille Petko fra Bulgarien, som vores b\u00f8rnehj\u00e6lpsbarn, og derfor er vi jo allerede lidt mor og far allesammen. <\/p>\n<p>Efter sigende har Petko det godt, og p\u00e5 konventet vil bestyrelsen selvf\u00f8lgelig sl\u00e5 lidt p\u00e5 for\u00e6ldref\u00f8lelsen (den altid d\u00e5rlige samvittighed fordi vi tilbringer for lidt tid med vores b\u00f8rn ;o)) og samle ind til en ordentlig pakke til lille Petko.<\/p>\n<p>Petko har v\u00e6ret s\u00e5 venlig at skrive til os efter sidste konvent, og \u00f8nske os en god og solrig sommer, mon ikke \u00f8nsket ogs\u00e5 g\u00e6lder for denne her sommer. Han havde ogs\u00e5 v\u00e6ret s\u00e5 flink at tegne nogle fine blomster til os p\u00e5 brevet. Handelsskolen m\u00e5 vente et par \u00e5r til, for forel\u00f8big g\u00e5r han kun i 3. klasse.<\/p>\n<p>Jubil\u00e6um<br \/>\nTil november er det 25 \u00e5r siden vores bedste ven \u2013 nemlig Landssammenslutningen af Handelsskoleelever \u2013 blev dannet p\u00e5 Skanderborg Handelsskole. Og lige siden har LH udviklet sig p\u00e5 godt og ondt, til gl\u00e6de og gavn for elevr\u00e5dene og den enkelte handelsskoleelev i hele landet.  Arbejdsopgaverne har selvf\u00f8lgelig \u00e6ndret sig over \u00e5rene, men basis &#8211; de grundl\u00e6ggende ideer &#8211; det er stadig de samme. <\/p>\n<p>Jubil\u00e6ums\u00e5ret 2004 b\u00f8r derfor fejres med stolthed, og hvem fejrer man bedre sine m\u00e6rkedage med end med sine venner Derfor har bestyrelsen i \u00e5ret der nu er g\u00e5et i samarbejde med LH planlagt og arrangeret forskellige aktiviteter der kan fejre LH, LH\u2019s arbejde og LH\u2019s aktive gennem 25 \u00e5r. <\/p>\n<p>En Fest skal der selvf\u00f8lgelig til \u2013 det bliver den 13. november i K\u00f8benhavn hvor vi har f\u00e5et lov til at feste i Niels Brocks regi. Fra starten har det for os v\u00e6ret vigtigt, at der til festen ikke kun kommer de nuv\u00e6rende aktive \u2013 men m\u00e5ske endda i h\u00f8jere grad kommer nogle af alle de aktive, der har pr\u00e6get de sidste 25 \u00e5rs arbejde, og som ikke l\u00e6ngere er at finde p\u00e5 Sekretariatet til dagligt (Ja ja Ploft, du skal jo med til festen selvom du stadigt kommer p\u00e5 SEK.). <\/p>\n<p>En af m\u00e5derne vi bruger for at komme ud (og lidt tilbage i tiden ;o))) til s\u00e5 mange som muligt er ved hj\u00e6lp af \u00e5rgangsambassad\u00f8rer&#8230;..og ja det er lidt med jo \u00e6ldre jo bedre&#8230;. <\/p>\n<p>Vi har nemlig taget kontakt til nogle tidligere aktive og spurgt om de ville hj\u00e6lpe med at f\u00e5 taget kontakt til deres egen LH-\u00e5rgang. Og allerede nu vil jeg s\u00e5dan lidt p\u00e5 forh\u00e5nd takke jer for hj\u00e6lpen \u2013 selv om mange af de &#8220;lidt&#8221; \u00e6ldre LH\u2019ere har travlt med glov\u00e6rdige karriere og familieliv, var der alligevel mange der havde lyst til at tage lidt tid og hj\u00e6lpe bestyrelsen med opgaven \u2013 OG TAK FOR DET. <\/p>\n<p>Det betyder ogs\u00e5, at alle venner \u2013 udover selvf\u00f8lgelig at f\u00e5 en skriftlig invitation (det bruger man jo til de vigtige begivenheder) ogs\u00e5 f\u00e5r en mail eller et opkald fra en man selv sad i LH med, med sp\u00f8rgsm\u00e5let; &#8220;Du skal da med til jubil\u00e6umsfesten, ska\u2019 du ikke?&#8221;. Herfra h\u00e5ber jeg, at det forh\u00e5bentligt f\u00e5r endnu flere end ved sidste jubil\u00e6um i 99 til at komme med svaret: S\u00e6f\u00f8li ska\u2019 jeg det!!!!<\/p>\n<p>En reception p\u00e5 selve dagen bliver det selvf\u00f8lgelig ogs\u00e5 til, men ogs\u00e5 en jubil\u00e6umsbog er under udarbejdelse og en pr\u00e6sentationsfolder til elevr\u00e5dene fra LH af den flotte farve\u00adtrykte slags er med i planerne. S\u00e5 VENNERNES nye bestyrelse har allerede nu udsigt til et lidt travlt efter\u00e5r. <\/p>\n<p>P\u00e5 LH\u2019s VENNERS hjemmeside \u2013 www.lh-ven.dk \u2013 kan du selv f\u00f8lge med i plan\u00adl\u00e6gningen af og nyhederne omkring efter\u00e5rets store folkefest.<\/p>\n<p>Tiden der kommer<br \/>\nNu er det jo som tidligere skrevet konventstid \u2013 og der h\u00e5ber jeg at se rigtigt mange Venner b\u00e5de til m\u00f8det men ogs\u00e5 til den efterf\u00f8lgende vammeltur i de k\u00f8benhavnske gader. <\/p>\n<p>P\u00e5 konventet ved jeg allerede nu at enkelte i bestyrelsen og pr\u00e6sidiet ikke l\u00e6ngere har lyst til at forts\u00e6tte deres virke i foreningen og som derfor ikke vil lade sig genv\u00e6lge eller k\u00e5re. Til dem vil jeg her sige tak for indsatsen. Venner hj\u00e6lper jo hinanden og jeg vil sige jer alle tak for hj\u00e6lpen. <\/p>\n<p>En enkelt vil jeg dog gerne rette en speciel hilsen til det er min vicepr\u00e6sident Helene Jensen, der allerede nu f\u00f8ler sig parat til det n\u00e6ste bevidsthedsniveau og p\u00e5 den m\u00e5de vil overhale mig indenom. Tak for hj\u00e6lpen Helene, jeg h\u00e5ber, at vi ogs\u00e5 fremover m\u00e5 nyde dit selskab og din hj\u00e6lp selvom du ikke l\u00e6ngere vil v\u00e6re i bestyrelsen. <\/p>\n<p>Og det g\u00e6lder ikke kun Helene, men alle de afg\u00e5ende bestyrelsesmedlemmer. Husk at Venner er venner for livet \u2013 s\u00e5 kig ind engang imellem og husk nu den store jubil\u00e6umsfest til efter\u00e5ret ;o))<\/p>\n<p>Jeg er specielt ked at at sige farvel til jer alle her i beretningen \u2013 fordi jeg jo selv ikke er i stand til at v\u00e6re tilstede under konventet og g\u00f8re det personligt. Verden g\u00e5r jo sin gang og Pr\u00e6sidenters indsats er jo p\u00e5kr\u00e6vet mange steder, derfor m\u00e5 jeg lade pligten r\u00e5de og blive p\u00e5 Malta for at f\u00f8lge de sidste praktiske deltaljer i EU udvidelsen p\u00e5 plads. <\/p>\n<p>Endnu en ting, jeg kommer til at savne i \u00e5r er 1. maj \u2013 men da det er den officielle udvidelsesdag, er det selvf\u00f8lgelig fuldst\u00e6ndigt umuligt for mig at komme hjem til arrangementet i F\u00e6lledparken. LO stork\u00f8benhavn har nemlig, igen i \u00e5r, bedt Vennerne om at tage de orange veste p\u00e5, holde walkierne parat og st\u00e5 for opsynet ved 1. maj arrangementet i F\u00e6lledparken. Men selv om jeg m\u00e5 undv\u00e6re den dag, har alle I andre jo her en ekstra chance for at komme afsted og f\u00e5 en hyggelig dag i Vennernes selskab. <\/p>\n<p>Og i F\u00e6lledparken er der jo altid en passe fremmede mennesker, vi kan s\u00f8rge for at passe godt p\u00e5 \u2013 for husk en fremmed er bare en ven, der endnu ikke har betalt sit kontingent!!<\/p>\n<p>Med denne beretning in mente vil jeg anmode alle medlemmer om endnu engang at give LH&#8217;s Venners arbejde deres st\u00f8tte ved at m\u00f8de talst\u00e6rkt op til Konventet.<\/p>\n<p>P\u00e5 bestyrelsens vegne<\/p>\n<p>Karin Dinsen<br \/>\npr\u00e6sident<\/p>\n","protected":false},"excerpt":{"rendered":"<p>Skriftlig beretning til LH&#8217;s Venners 14. konvent 2004 K\u00e6reste VENNER! Begynd venligst denne beretning med i stilhed at mindes den eneste ene og den anden \u2013 vort h\u00f8jt \u00e6rede Signe Andersen (LH\u2019s Venners f\u00f8rste Pr\u00e6sident) og mindst liges\u00e5 \u00e6rede Ronald Kofoed Rasmussen (LH\u2019s Venners anden Pr\u00e6sident herved LH\u2019s Venners f\u00f8rste Pr\u00e6sident suppleant). \u00c6re v\u00e6re jeres [&hellip;]<\/p>\n","protected":false},"author":1,"featured_media":0,"parent":3,"menu_order":3,"comment_status":"open","ping_status":"open","template":"","meta":{"footnotes":""},"_links":{"self":[{"href":"http:\/\/lh-ven.dk\/index.php?rest_route=\/wp\/v2\/pages\/34"}],"collection":[{"href":"http:\/\/lh-ven.dk\/index.php?rest_route=\/wp\/v2\/pages"}],"about":[{"href":"http:\/\/lh-ven.dk\/index.php?rest_route=\/wp\/v2\/types\/page"}],"author":[{"embeddable":true,"href":"http:\/\/lh-ven.dk\/index.php?rest_route=\/wp\/v2\/users\/1"}],"replies":[{"embeddable":true,"href":"http:\/\/lh-ven.dk\/index.php?rest_route=%2Fwp%2Fv2%2Fcomments&post=34"}],"version-history":[{"count":1,"href":"http:\/\/lh-ven.dk\/index.php?rest_route=\/wp\/v2\/pages\/34\/revisions"}],"predecessor-version":[{"id":237,"href":"http:\/\/lh-ven.dk\/index.php?rest_route=\/wp\/v2\/pages\/34\/revisions\/237"}],"up":[{"embeddable":true,"href":"http:\/\/lh-ven.dk\/index.php?rest_route=\/wp\/v2\/pages\/3"}],"wp:attachment":[{"href":"http:\/\/lh-ven.dk\/index.php?rest_route=%2Fwp%2Fv2%2Fmedia&parent=34"}],"curies":[{"name":"wp","href":"https:\/\/api.w.org\/{rel}","templated":true}]}}