{"id":36,"date":"2005-10-26T15:29:22","date_gmt":"2005-10-26T13:29:22","guid":{"rendered":"http:\/\/www.danholtjensen.dk\/lhven\/?page_id=36"},"modified":"2011-04-17T18:19:24","modified_gmt":"2011-04-17T17:19:24","slug":"referat-konvent-2005","status":"publish","type":"page","link":"http:\/\/lh-ven.dk\/?page_id=36","title":{"rendered":"Referat v. Konvent 2005"},"content":{"rendered":"<p>Referat af LH\u2019s Venners 15. Konvent, s\u00f8ndag den 15. maj 2005.<\/p>\n<p>1.\tValg af dirigent: Jacob Tietge og Johnny Tang valgt. Da disse ikke var tilstede blev Erling Jensen og Steen V. Jensen valgt som suppleanter.<br \/>\n2.\tValg af referent: Anders Friis-Hansen, formand for LH, &#8220;udpeget&#8221;<br \/>\n3.\tBeretning om \u00e5rets aktiviteter: Vicepr\u00e6sident Kasper Jacobsen fremlagde bestyrelsens beretning, de Pr\u00e6sidenten Karin Dinsen ikke var tilstede.<br \/>\n4.\tFreml\u00e6ggelse af regnskab: Indt\u00e6gtsadministrator Per Loft Rasmussen fremlagde regnskabet.<br \/>\n5.\tFasts\u00e6ttelse af kontingent: U\u00e6ndret<br \/>\n6.\tIndkomne forslag: 1 forslag, stillet af Dan Holt Jensen. Efter pr\u00e6sentation og debat om forslaget blev afstemning som f\u00f8lgende: 17 stemmer for, 17 stemmer imod, ingen blanke. Forslaget faldet.<br \/>\n7.\tValg af<br \/>\na.\tPr\u00e6sident: Karin Dinsen genvalgt<br \/>\nb.\tVicepr\u00e6sident: Kasper Kaufmann genvalgt<br \/>\nc.\tIndt\u00e6gtsadministrator: Per Loft Rasmussen genvalgt<br \/>\nd.\tOrganisationssekret\u00e6r: Morten Kruuse afg\u00e5r, Morten Dixen valgt<br \/>\ne.\t6 Bestyrelsesmedlemmer: Jeanne Ellgaard valgt med 26 stemmer, Henrik Larsen valgt med 25 stemmer, Dan Holt Jensen valgt med 23 stemmer, Rasmus Cornelioussen valgt med 19 stemmer, Mathias N\u00f8rvig valgt med 15 stemmer. Martin &#8220;Folket&#8221; J\u00f8rgensen og Karen Nilaus begge 13 stemmer. Martin &#8220;Folket&#8221; J\u00f8rgensen tr\u00e6kker sig, derfor Karen Nilaus valgt.<br \/>\nf.\t2 revisorer. Karen Schack afg\u00e5r, Signe Andersen genvalgt og Steen V. Jensen valgt.<br \/>\n8.\tEventuelt: Ingen bem\u00e6rkninger.<\/p>\n<p>S\u00e5ledes opfattet af referenten<\/p>\n","protected":false},"excerpt":{"rendered":"<p>Referat af LH\u2019s Venners 15. Konvent, s\u00f8ndag den 15. maj 2005. 1. Valg af dirigent: Jacob Tietge og Johnny Tang valgt. Da disse ikke var tilstede blev Erling Jensen og Steen V. Jensen valgt som suppleanter. 2. Valg af referent: Anders Friis-Hansen, formand for LH, &#8220;udpeget&#8221; 3. Beretning om \u00e5rets aktiviteter: Vicepr\u00e6sident Kasper Jacobsen fremlagde [&hellip;]<\/p>\n","protected":false},"author":1,"featured_media":0,"parent":3,"menu_order":2,"comment_status":"open","ping_status":"open","template":"","meta":{"footnotes":""},"_links":{"self":[{"href":"http:\/\/lh-ven.dk\/index.php?rest_route=\/wp\/v2\/pages\/36"}],"collection":[{"href":"http:\/\/lh-ven.dk\/index.php?rest_route=\/wp\/v2\/pages"}],"about":[{"href":"http:\/\/lh-ven.dk\/index.php?rest_route=\/wp\/v2\/types\/page"}],"author":[{"embeddable":true,"href":"http:\/\/lh-ven.dk\/index.php?rest_route=\/wp\/v2\/users\/1"}],"replies":[{"embeddable":true,"href":"http:\/\/lh-ven.dk\/index.php?rest_route=%2Fwp%2Fv2%2Fcomments&post=36"}],"version-history":[{"count":1,"href":"http:\/\/lh-ven.dk\/index.php?rest_route=\/wp\/v2\/pages\/36\/revisions"}],"predecessor-version":[{"id":236,"href":"http:\/\/lh-ven.dk\/index.php?rest_route=\/wp\/v2\/pages\/36\/revisions\/236"}],"up":[{"embeddable":true,"href":"http:\/\/lh-ven.dk\/index.php?rest_route=\/wp\/v2\/pages\/3"}],"wp:attachment":[{"href":"http:\/\/lh-ven.dk\/index.php?rest_route=%2Fwp%2Fv2%2Fmedia&parent=36"}],"curies":[{"name":"wp","href":"https:\/\/api.w.org\/{rel}","templated":true}]}}