{"id":64,"date":"2007-03-11T18:40:09","date_gmt":"2007-03-11T17:40:09","guid":{"rendered":"http:\/\/www.lh-ven.dk\/lhven\/?page_id=64"},"modified":"2011-04-03T12:57:16","modified_gmt":"2011-04-03T11:57:16","slug":"storm%c3%b8deaviser","status":"publish","type":"page","link":"http:\/\/lh-ven.dk\/?page_id=64","title":{"rendered":"Storm\u00f8deaviser"},"content":{"rendered":"<p>Her vil vi g\u00f8re et ambiti\u00f8st fors\u00f8g p\u00e5 samle s\u00e5 mange udgaver af Rep-News, LKF-News og det nye G-punkt som avisen jo er kommet til at hedde efter, at Repr\u00e6sentantskabsm\u00f8det har skiftet navn til Generalforsamling.<\/p>\n<p>F\u00f8rste udgave er som lovet det helt nye G-punkt:<\/p>\n<p><strong>Generalforsamlingen november 2007:<\/strong><\/p>\n<p><a href=\"\/download\/G-punkt - fjerde udgave 2.pdf\">G-punkt &#8211; \u00c5rgang 1, Nummer 3<\/a><\/p>\n<p><strong>Generalforsamlingen 1.-3. april 2011 i Horsens<\/strong><br \/>\n<a href=\"http:\/\/www.lh-ven.dk\/lhven\/wp-content\/uploads\/2007\/03\/G-Punkt-1.pdf\">G-punkt, udgave 1<\/a><br \/>\n<a href=\"http:\/\/www.lh-ven.dk\/lhven\/wp-content\/uploads\/2007\/03\/G-Punkt-2.pdf\">G-punkt, udgave 2<\/a><br \/>\n<a href=\"http:\/\/www.lh-ven.dk\/lhven\/wp-content\/uploads\/2007\/03\/G-Punkt-3.pdf\">G-punkt, udgave 3<\/a><br \/>\n<a href=\"http:\/\/www.lh-ven.dk\/lhven\/wp-content\/uploads\/2007\/03\/G-Punkt-4.pdf\">G-punkt, udgave 4<\/a><br \/>\n<a href=\"http:\/\/www.lh-ven.dk\/lhven\/wp-content\/uploads\/2007\/03\/G-Punkt-5.pdf\">G-punkt, udgave 5<\/a><br \/>\n<a href=\"http:\/\/www.lh-ven.dk\/lhven\/wp-content\/uploads\/2007\/03\/G-Punkt-6.pdf\">G-punkt, udgave 6<\/a><\/p>\n","protected":false},"excerpt":{"rendered":"<p>Her vil vi g\u00f8re et ambiti\u00f8st fors\u00f8g p\u00e5 samle s\u00e5 mange udgaver af Rep-News, LKF-News og det nye G-punkt som avisen jo er kommet til at hedde efter, at Repr\u00e6sentantskabsm\u00f8det har skiftet navn til Generalforsamling. F\u00f8rste udgave er som lovet det helt nye G-punkt: Generalforsamlingen november 2007: G-punkt &#8211; \u00c5rgang 1, Nummer 3 Generalforsamlingen 1.-3. [&hellip;]<\/p>\n","protected":false},"author":1,"featured_media":0,"parent":4,"menu_order":9999,"comment_status":"closed","ping_status":"closed","template":"","meta":{"footnotes":""},"_links":{"self":[{"href":"http:\/\/lh-ven.dk\/index.php?rest_route=\/wp\/v2\/pages\/64"}],"collection":[{"href":"http:\/\/lh-ven.dk\/index.php?rest_route=\/wp\/v2\/pages"}],"about":[{"href":"http:\/\/lh-ven.dk\/index.php?rest_route=\/wp\/v2\/types\/page"}],"author":[{"embeddable":true,"href":"http:\/\/lh-ven.dk\/index.php?rest_route=\/wp\/v2\/users\/1"}],"replies":[{"embeddable":true,"href":"http:\/\/lh-ven.dk\/index.php?rest_route=%2Fwp%2Fv2%2Fcomments&post=64"}],"version-history":[{"count":3,"href":"http:\/\/lh-ven.dk\/index.php?rest_route=\/wp\/v2\/pages\/64\/revisions"}],"predecessor-version":[{"id":165,"href":"http:\/\/lh-ven.dk\/index.php?rest_route=\/wp\/v2\/pages\/64\/revisions\/165"}],"up":[{"embeddable":true,"href":"http:\/\/lh-ven.dk\/index.php?rest_route=\/wp\/v2\/pages\/4"}],"wp:attachment":[{"href":"http:\/\/lh-ven.dk\/index.php?rest_route=%2Fwp%2Fv2%2Fmedia&parent=64"}],"curies":[{"name":"wp","href":"https:\/\/api.w.org\/{rel}","templated":true}]}}