{"id":6,"date":"2005-05-16T20:46:33","date_gmt":"2005-05-16T18:46:33","guid":{"rendered":"http:\/\/www.danholtjensen.dk\/lhven\/?page_id=6"},"modified":"2006-01-06T13:13:13","modified_gmt":"2006-01-06T12:13:13","slug":"bowlingklub","status":"publish","type":"page","link":"https:\/\/lh-ven.dk\/?page_id=6","title":{"rendered":"Bowlingklubben"},"content":{"rendered":"<p>Bowlingklubben, som er LH&#8217;s venners mest aktive, vil l\u00f8bende ligge invitationer til bowlingaftner og resultater ud p\u00e5 denne side.<\/p>\n<p>Har du lyst til at trille lidt kugler sammen nogle andre gode VENner, s\u00e5 er Vennernes bowlingklub lige noget for dig!<\/p>\n<p>Klubben er \u00e5ben for alle medlemmer af LH\u2019s Venner og vi spiller cirka en gang om m\u00e5neden i DGI Byen lige ved siden af hovedbaneg\u00e5rden, hvor vi har en klubaftale. Vi har lagt os fast p\u00e5 at spille tirsdag eller onsdag fra klokken 19.00 \u2013 21.00. Tilmeld dig tr\u00e6ningsaftenerne her!<\/p>\n<p>Der s\u00e6ttes ikke noget krav til talenter inden for bowling &#8211; hvis du er god til socialt samv\u00e6r, er det ogs\u00e5 lige noget for dig. Det kan nemlig godt ske at klubbens medlemmer tager et lille evalueringsm\u00f8de p\u00e5 et listigt sted efter aftens h\u00e5rde tr\u00e6ning.<\/p>\n<p>En gang om \u00e5ret bliver der afholdt LH\u2019s Venners store bowling turnering, hvor der er mulighed for vise sine talenter og for at vinde store pr\u00e6mier.<\/p>\n<p>Det koster ikke noget at v\u00e6re med i klubben, og prisen for 2 timer bowling er kun 120 kroner, der b\u00e5de d\u00e6kker banen og klubudgifterne.<\/p>\n<p>Til daglig spilles der ikke konkurrence, men bowling-klubben har en intern rangliste, s\u00e5 der er jo altid mulighed for at overhale nogle af de andre, hvis man spiller godt.<\/p>\n<p>Efter opfordring fra Pr\u00e6sidenten er der blevet indf\u00f8rt en rangliste i Vennernes bowling klub &#8211; her vil du l\u00f8bende kunne se hvem der er bedst til at kaste med kuglerne<\/p>\n","protected":false},"excerpt":{"rendered":"<p>Bowlingklubben, som er LH&#8217;s venners mest aktive, vil l\u00f8bende ligge invitationer til bowlingaftner og resultater ud p\u00e5 denne side. Har du lyst til at trille lidt kugler sammen nogle andre gode VENner, s\u00e5 er Vennernes bowlingklub lige noget for dig! Klubben er \u00e5ben for alle medlemmer af LH\u2019s Venner og vi spiller cirka en gang [&hellip;]<\/p>\n","protected":false},"author":1,"featured_media":0,"parent":0,"menu_order":3,"comment_status":"open","ping_status":"open","template":"","meta":{"footnotes":""},"_links":{"self":[{"href":"https:\/\/lh-ven.dk\/index.php?rest_route=\/wp\/v2\/pages\/6"}],"collection":[{"href":"https:\/\/lh-ven.dk\/index.php?rest_route=\/wp\/v2\/pages"}],"about":[{"href":"https:\/\/lh-ven.dk\/index.php?rest_route=\/wp\/v2\/types\/page"}],"author":[{"embeddable":true,"href":"https:\/\/lh-ven.dk\/index.php?rest_route=\/wp\/v2\/users\/1"}],"replies":[{"embeddable":true,"href":"https:\/\/lh-ven.dk\/index.php?rest_route=%2Fwp%2Fv2%2Fcomments&post=6"}],"version-history":[{"count":0,"href":"https:\/\/lh-ven.dk\/index.php?rest_route=\/wp\/v2\/pages\/6\/revisions"}],"wp:attachment":[{"href":"https:\/\/lh-ven.dk\/index.php?rest_route=%2Fwp%2Fv2%2Fmedia&parent=6"}],"curies":[{"name":"wp","href":"https:\/\/api.w.org\/{rel}","templated":true}]}}