{"id":8,"date":"2005-05-16T21:00:12","date_gmt":"2005-05-16T19:00:12","guid":{"rendered":"http:\/\/www.danholtjensen.dk\/lhven\/?page_id=8"},"modified":"2012-06-12T10:02:46","modified_gmt":"2012-06-12T08:02:46","slug":"bestyrelsen","status":"publish","type":"page","link":"https:\/\/lh-ven.dk\/?page_id=8","title":{"rendered":"Bestyrelsen"},"content":{"rendered":"<p>LH&#8217;s venner har en bestyrelse best\u00e5ende af et Pr\u00e6sidie og 6 bestyrelsesmedlemmer.<\/p>\n<p><strong>Pr\u00e6sidiet:<\/strong><br \/>\nPr\u00e6sident: Karin Dinsen<br \/>\nVicepr\u00e6sident: Helene R\u00e9e Carstens<br \/>\nIndt\u00e6gtsadministrator: Allan Sten Svendsen<br \/>\nOrganisationssekret\u00e6r: Jokum M\u00f8nsted<\/p>\n<p><strong>Bestyrelsen:<\/strong><br \/>\nStine Laursen<br \/>\nLisbet Dinsen<br \/>\nPer Loft Rasmussen<br \/>\nCasper Vincents<br \/>\nShawn Kelly<\/p>\n<p>Ved at klikke i menuen i siden, kan du dels se, hvordan bestyrelserne har v\u00e6ret sammensat siden LH&#8217;s Venners start i 1990, og dels se, hvem der har bekl\u00e6dt de forskellige poster i foreningen.<\/p>\n","protected":false},"excerpt":{"rendered":"<p>LH&#8217;s venner har en bestyrelse best\u00e5ende af et Pr\u00e6sidie og 6 bestyrelsesmedlemmer. Pr\u00e6sidiet: Pr\u00e6sident: Karin Dinsen Vicepr\u00e6sident: Helene R\u00e9e Carstens Indt\u00e6gtsadministrator: Allan Sten Svendsen Organisationssekret\u00e6r: Jokum M\u00f8nsted Bestyrelsen: Stine Laursen Lisbet Dinsen Per Loft Rasmussen Casper Vincents Shawn Kelly Ved at klikke i menuen i siden, kan du dels se, hvordan bestyrelserne har v\u00e6ret sammensat [&hellip;]<\/p>\n","protected":false},"author":1,"featured_media":0,"parent":0,"menu_order":1,"comment_status":"open","ping_status":"open","template":"","meta":{"footnotes":""},"_links":{"self":[{"href":"https:\/\/lh-ven.dk\/index.php?rest_route=\/wp\/v2\/pages\/8"}],"collection":[{"href":"https:\/\/lh-ven.dk\/index.php?rest_route=\/wp\/v2\/pages"}],"about":[{"href":"https:\/\/lh-ven.dk\/index.php?rest_route=\/wp\/v2\/types\/page"}],"author":[{"embeddable":true,"href":"https:\/\/lh-ven.dk\/index.php?rest_route=\/wp\/v2\/users\/1"}],"replies":[{"embeddable":true,"href":"https:\/\/lh-ven.dk\/index.php?rest_route=%2Fwp%2Fv2%2Fcomments&post=8"}],"version-history":[{"count":7,"href":"https:\/\/lh-ven.dk\/index.php?rest_route=\/wp\/v2\/pages\/8\/revisions"}],"predecessor-version":[{"id":336,"href":"https:\/\/lh-ven.dk\/index.php?rest_route=\/wp\/v2\/pages\/8\/revisions\/336"}],"wp:attachment":[{"href":"https:\/\/lh-ven.dk\/index.php?rest_route=%2Fwp%2Fv2%2Fmedia&parent=8"}],"curies":[{"name":"wp","href":"https:\/\/api.w.org\/{rel}","templated":true}]}}